{"id":2,"date":"2025-06-10T10:01:49","date_gmt":"2025-06-10T08:01:49","guid":{"rendered":"http:\/\/usepcoteau.fr\/?page_id=2"},"modified":"2025-06-10T22:19:14","modified_gmt":"2025-06-10T20:19:14","slug":"a-propos","status":"publish","type":"page","link":"https:\/\/usepcoteau.fr\/index.php\/a-propos\/","title":{"rendered":"Usep mode d\u2019emploi"},"content":{"rendered":"\n<p>L\u2019Usep Coteau est une association de loi 1901, adh\u00e9rente au <a href=\"https:\/\/isere.comite.usep.org\/\">comit\u00e9 de l\u2019Usep Is\u00e8re.<\/a> L\u2019Usep (Union sportive de l\u2019enseignement du premier degr\u00e9) est la f\u00e9d\u00e9ration du sport scolaire \u00e0 l\u2019\u00e9cole publique.<\/p>\n\n\n\n<p>L&rsquo;Usep Coteau propose, apr\u00e8s l&rsquo;\u00e9cole, des activit\u00e9s sportives, ludiques, \u00e9ducatives et non \u00e9litistes pour vos enfants, du CP au CM2.<\/p>\n\n\n\n<p>Gr\u00e2ce aux b\u00e9n\u00e9voles de l&rsquo;Usep et \u00e0 la municipalit\u00e9 de La Tronche nous pouvons proposer un tarif de 40 \u20ac\/an (6\u20ac de licence et 34\u20ac de cotisation).<\/p>\n\n\n\n<p>Les ch\u00e8ques sport de la mairie sont accept\u00e9s.<\/p>\n\n\n\n<p>Le d\u00e9placement de votre enfant de l&rsquo;\u00e9cole au lieu de l&rsquo;activit\u00e9 n&rsquo;est pas pris en charge par l&rsquo;association. Il est laiss\u00e9 \u00e0 votre propre convenance : seul, accompagn\u00e9, \u00e0 pied, \u00e0 v\u00e9lo ou en voiture (pensez au covoiturage !).<\/p>\n\n\n\n<p>Tous nos animateurs sportifs sont dipl\u00f4m\u00e9s.<\/p>\n\n\n\n<p>Il n&rsquo;y a pas d&rsquo;activit\u00e9s Usep pendant les vacances scolaires.<\/p>\n\n\n\n<p>N\u2019h\u00e9sitez pas \u00e0 nous contacter en cliquant sur le bouton ci-dessous!<\/p>\n\n\n\n<div class=\"wp-block-buttons is-content-justification-center is-layout-flex wp-container-core-buttons-is-layout-a89b3969 wp-block-buttons-is-layout-flex\">\n<div class=\"wp-block-button is-style-fill\"><a class=\"wp-block-button__link wp-element-button\" href=\"https:\/\/usepcoteau.fr\/index.php\/contactez-nous\/\">Contactez-nous<\/a><\/div>\n<\/div>\n","protected":false},"excerpt":{"rendered":"<p>L\u2019Usep Coteau est une association de loi 1901, adh\u00e9rente au comit\u00e9 de l\u2019Usep Is\u00e8re. L\u2019Usep (Union sportive de l\u2019enseignement du premier degr\u00e9) est la f\u00e9d\u00e9ration du sport scolaire \u00e0 l\u2019\u00e9cole publique. L&rsquo;Usep Coteau propose, apr\u00e8s l&rsquo;\u00e9cole, des activit\u00e9s sportives, ludiques, \u00e9ducatives et non \u00e9litistes pour vos enfants, du CP au CM2. Gr\u00e2ce aux b\u00e9n\u00e9voles de [&hellip;]<\/p>\n","protected":false},"author":1,"featured_media":0,"parent":0,"menu_order":2,"comment_status":"closed","ping_status":"closed","template":"","meta":{"footnotes":""},"class_list":["post-2","page","type-page","status-publish","hentry"],"_links":{"self":[{"href":"https:\/\/usepcoteau.fr\/index.php\/wp-json\/wp\/v2\/pages\/2","targetHints":{"allow":["GET"]}}],"collection":[{"href":"https:\/\/usepcoteau.fr\/index.php\/wp-json\/wp\/v2\/pages"}],"about":[{"href":"https:\/\/usepcoteau.fr\/index.php\/wp-json\/wp\/v2\/types\/page"}],"author":[{"embeddable":true,"href":"https:\/\/usepcoteau.fr\/index.php\/wp-json\/wp\/v2\/users\/1"}],"replies":[{"embeddable":true,"href":"https:\/\/usepcoteau.fr\/index.php\/wp-json\/wp\/v2\/comments?post=2"}],"version-history":[{"count":11,"href":"https:\/\/usepcoteau.fr\/index.php\/wp-json\/wp\/v2\/pages\/2\/revisions"}],"predecessor-version":[{"id":105,"href":"https:\/\/usepcoteau.fr\/index.php\/wp-json\/wp\/v2\/pages\/2\/revisions\/105"}],"wp:attachment":[{"href":"https:\/\/usepcoteau.fr\/index.php\/wp-json\/wp\/v2\/media?parent=2"}],"curies":[{"name":"wp","href":"https:\/\/api.w.org\/{rel}","templated":true}]}}